 What is the units digit of o(2)?
9
Let l(v) = v**3 + 4*v**2 - 6*v. Let z(i) = 2*i + 11. Let u be z(-8). Let m be l(u). Suppose m*s - 3*s = 5*g - 164, g - 37 = -s. What is the units digit of g?
4
Suppose 3*g = 2*g + 9. Let f = -5 + g. Suppose -2*p = 3*b - 95 - 34, -2*b + f*p + 86 = 0. What is the tens digit of b?
4
Let j(d) = -d**3 - 3*d**2 + 3*d. Let w(y) = -y - 13. Let x be w(-8). What is the tens digit of j(x)?
3
Let q be (145/(-10))/((-2)/(-4)). Let v be (-7 - 0)*(-14 - -5). Let f = v + q. What is the units digit of f?
4
Let t = 9 - 3. Suppose 4*c - 4*s = -t*s - 16, s + 13 = -3*c. What is the units digit of 5*((-138)/c)/2?
9
What is the units digit of (6/(-4))/((5/3240)/(-1))?
2
Let j(g) = -g**2 + 13*g + 16. Let p be j(11). Suppose -x + 49 = -p. Suppose -2*i - 106 = -4*n, -4*i + 3*i + x = 3*n. What is the units digit of n?
8
Let u(k) be the second derivative of -k**4/6 + 8*k**3/3 + 6*k**2 - 4*k. Let c(q) be the first derivative of u(q). What is the tens digit of c(-10)?
5
Let s be (-3)/5 - 1656/(-10). Suppose 125 = 3*a - u, -s = -4*a + 3*u - 0*u. What is the units digit of a?
2
Let u be 1/((-2)/(-4*2)). Let z = 6 - u. What is the units digit of z + (-2 - (-6 + -1))?
7
Let j = 717 + -667. What is the tens digit of j?
5
Suppose -4*h + 72 = -252. Let f = h + -58. Suppose z - 21 = 3*i, i = 2*z - z - f. What is the tens digit of z?
2
Suppose 7888 = 5*y - 3902. What is the tens digit of y?
5
Suppose -5*f + 3*m = -649 - 207, -2*m = 4*f - 676. Let q = f - 28. What is the units digit of q?
2
Suppose 336 = 2*p + 6*p. What is the units digit of p?
2
Let c be 1 + 0 + -1 + 1. Let q(d) be the first derivative of d**4/2 - d**3/3 + d**2 - d + 9. What is the units digit of q(c)?
2
Let d = 55 + -52. Suppose 688 = 4*o + 4*u, -o - 4 = d*u - 182. What is the tens digit of o?
6
Let x = 1077 + -635. What is the units digit of x?
2
Suppose 2*m - 35 = -5*q + 7*m, 3*q - 23 = 4*m. Suppose a + q = 0, -2*t + 3*a + 33 = 6*a. Suppose -g = -t - 23. What is the units digit of g?
7
Let k = -323 - -378. What is the tens digit of k?
5
Suppose -8*a = -3*a. Suppose 2*d - 3*f - 1 = a, 4*d + 4*f + 12 = 8*d. What is the units digit of d?
8
Suppose m + 2683 = 4*k, 4*k - k - 2008 = 5*m. What is the tens digit of k?
7
Let n = -5 + 4. What is the units digit of ((-24)/(-4))/(0 + 2 + n)?
6
Let q = 1269 - 805. What is the units digit of q?
4
Let n(u) = 4*u**2 - 7*u + 4. Let p be n(-6). Suppose p = 2*g - 0*g. What is the tens digit of g?
9
Let p be (-1 + 1)/((-6)/(-3)). Suppose -3*l - l + 4 = p. What is the units digit of 1*(2 + l) - -36?
9
Let t(w) = -59*w**2 - 7*w - 10. Suppose 0 = p - 2*p + 2. Let c(g) = -20*g**2 - 2*g - 3. Let m(b) = p*t(b) - 7*c(b). What is the tens digit of m(1)?
2
Suppose -2*h = 3*r + 3*h - 55, r - 23 = -4*h. Suppose -a + r = 2*a. Let v(x) = 2*x + 5. What is the units digit of v(a)?
5
Let x = -106 - -605. What is the tens digit of x?
9
Let v be -1 + ((-4)/(-1) - 2). Suppose -5*f + 99 = -v. Suppose 0 = 5*i - 3*i - f. What is the units digit of i?
0
Let h(v) = -v**3 - 14. Let g be h(0). Let w be 4 - 14*g/4. Let p = w - 25. What is the tens digit of p?
2
Let b be (-5)/((-20)/(-12))*(-10)/6. Suppose -b*r + 85 = -110. What is the units digit of r?
9
Let m = 1064 - 118. Let b = -675 + m. What is the hundreds digit of b?
2
Let v = 25 - 14. Let r = -7 + v. Suppose 5*o - 10 - 55 = -4*i, r*o + 4*i = 56. What is the units digit of o?
9
Suppose 4*z = 20, 5*l + z = 3*z + 5. What is the tens digit of l/(-2*(-12)/1072)?
3
Let z = 189 + 478. What is the tens digit of z?
6
What is the hundreds digit of ((-2514)/(-12))/((-16)/(-160))?
0
Let n be (-6)/15 + (-24)/(-10). Let p = n - 0. Suppose -4*w + 27 = 2*l - 97, -p*l + 4 = 0. What is the units digit of w?
0
Let d = 5967 - 2871. What is the hundreds digit of d?
0
Let t(j) = j**3 + 3*j**2. Let q be t(-2). What is the units digit of q + -3 - (0 - 2)?
3
Let b be (-3)/((-3)/((-243)/(-3))). Suppose -4*m + 14 = 2. Suppose 4*y = -m*o + b, 9 = -3*y - 0*y. What is the units digit of o?
1
Let u = 25 + -22. Suppose 0 = -u*v - 3*c + 102, -4*v = -6*c + c - 127. What is the units digit of v?
3
Let w be 2/(-3 + (-21)/(-6)). Let k be 16/(-20)*(-10)/w. Suppose 0 = -g - 5*i - k - 6, 0 = 4*g + i - 6. What is the units digit of g?
2
Let h be 1/((-51)/(-24) - 2). Suppose -4*u = 4, u + h = -3*y + 5*u. Let c(z) = -z**3 - 3*z**2 - 2*z + 2. What is the units digit of c(y)?
6
Let k(i) = 8*i + 255. What is the units digit of k(-6)?
7
Suppose 5*s + 11 = -q - 6, 4*s + 1 = q. Let w(y) = -y**3 - 6*y**2 + 7*y - 5. Let r be w(q). Let x = 15 + r. What is the units digit of x?
0
What is the units digit of -5 - (-255)/(-6)*836/(-55)?
1
Let k(z) be the third derivative of -z**5/12 + z**3/6 + 8*z**2. Let l be k(1). What is the tens digit of -2 - 2*l*6?
4
Suppose 5*l = -0*l + 65. Let k = 99 - l. What is the units digit of k?
6
Let t(u) be the first derivative of 7*u**2 - 24*u - 8. What is the hundreds digit of t(9)?
1
Suppose -3*z + 2*z - 13 = 0. Let d = 69 + z. What is the units digit of d?
6
Let c(w) = 4*w**3 + 3*w**2 + w - 1. Let l be c(3). Let s = 236 - l. What is the tens digit of s?
9
What is the tens digit of (-4 + 3018/36)*6?
7
Suppose 0*t + 22 = -t. Suppose 3*u - 5*q = u + 22, 2*q = 2*u - 16. Let i = u - t. What is the units digit of i?
8
What is the tens digit of (-4)/(-6) + (8 - (-8638)/21)?
2
Let j(m) = m**3 + 33*m**2 - 74*m - 146. What is the units digit of j(-34)?
4
Let y(t) = -t**3 - 7*t**2 + 12*t + 5. Let l = -20 - -11. What is the tens digit of y(l)?
5
Suppose -8*h + 1743 = -h. Suppose 4*p - 7*p + h = 0. What is the units digit of p?
3
Suppose -3*l = -2*i - 8*l + 41, 4*l - 51 = -3*i. Let t = i + -13. Suppose 4*m = -20, -3*m + 29 = -t*o + 2*o. What is the tens digit of o?
2
Let y = 96 - 96. Let z = 1 - -4. Suppose y*l - 150 = -z*l. What is the tens digit of l?
3
Suppose 176*g - 162*g - 50680 = 0. What is the tens digit of g?
2
Suppose -4*u - 55 = -5*j, -2*j - 3*u + 26 + 19 = 0. Let z = j + -11. Suppose z*r - 15 = 13. What is the units digit of r?
7
Let v = 6 + -4. Suppose -v*d + 1 = -57. What is the units digit of d?
9
Let p = -205 - -322. Let j = p + -173. What is the units digit of 6/4*j/(-21)?
4
Let a(u) be the second derivative of -29*u**3/6 + 4*u**2 - 7*u. What is the tens digit of a(-2)?
6
Let l(b) be the first derivative of -3*b**4/4 + 2*b**3/3 - b - 1. Let s be l(-1). Suppose -f = -5*j + 473 - 188, s*f + 300 = 5*j. What is the tens digit of j?
5
What is the tens digit of 6650/15*(-270)/(-25)?
8
What is the units digit of ((-3)/(2/2))/(26/(-22932))?
6
Let l = -76 - -81. What is the units digit of (396/(-2))/(-7 + l)?
9
Let g(x) = -2*x**3 + 11*x**2 - 5*x - 12. What is the thousands digit of g(-8)?
1
Let s(o) = o**3 + 16*o**2 - 16*o + 17. Let g be s(-17). Suppose g*m - 3*m = -2*v + 59, 0 = -3*v + m + 99. What is the tens digit of v?
3
Let s(n) = -17*n**3 - 2*n**2 - n. Suppose -4*i + 14 = -3*d - 5, 0 = -4*i + 16. What is the tens digit of s(d)?
1
Suppose o + 13384 = -3*o. Let n be (-2)/7 - o/49. Suppose 0 = 5*q - 4*c - 16 - n, -5*q + 78 = 2*c. What is the units digit of q?
6
Suppose -42*z = -40*z - 44. What is the tens digit of z?
2
What is the tens digit of (143241/(-171))/((-3)/18)?
2
Let x be 12/(-7 - -3) - -17. Suppose -38 = -2*k + v, x = -k + 2*k + 2*v. What is the tens digit of 120/(-36)*k/(-4)?
1
Let y(h) = -46*h - 76. What is the hundreds digit of y(-7)?
2
Suppose 3*m - 2*l + 44 = 0, 4*l - 49 = 3*m + 3*l. Let g = 77 - m. What is the tens digit of g?
9
Suppose 2*z = 23*c - 20*c + 5372, 3*c = 0. What is the hundreds digit of z?
6
Suppose 11953 = 4*x - m, -3*x + 8800 + 161 = -2*m. What is the units digit of x?
9
Let w(k) = -4*k**3 - k**2 + 2*k - 3. Let t(y) = 5*y**3 - y + 3. Let z(b) = -3*t(b) - 4*w(b). Suppose g = -2*g - 12. What is the tens digit of z(g)?
2
Suppose -5*i = -2*v - 25, -3*i + v = -3*v - 15. Let d(r) = -11 - 3*r + 14*r - 1. What is the tens digit of d(i)?
4
Let l(f) = 2*f**2 - 5*f - 5. Let c be l(5). What is the units digit of 2/(-2 + 48/c)?
5
Let o(i) = 263*i**2 - 3*i - 7. What is the tens digit of o(-2)?
5
Suppose -4*m - z = -7, -3*m - 3*z + 5 = m. Suppose p - m = 62. What is the units digit of p?
4
Let a = 475 + -327. Let j = -1214 - -1289. Let f = a - j. What is the units digit of f?
3
Suppose 4*p - 8*p - 4*v - 80 = 0, 5*